{"id":9299,"date":"2017-02-12T12:18:13","date_gmt":"2017-02-12T12:18:13","guid":{"rendered":"http:\/\/ramirez.google-direct.com\/produto\/pate-de-atum-4\/"},"modified":"2025-10-06T14:58:19","modified_gmt":"2025-10-06T14:58:19","slug":"pate-de-atum-4","status":"publish","type":"product","link":"https:\/\/ramirez.pt\/novo\/produto\/pate-de-atum-4\/","title":{"rendered":"Pat\u00e9 de Atum"},"content":{"rendered":"","protected":false},"excerpt":{"rendered":"<p><span id=\"result_box\" class=\"\" lang=\"pt\"><span title=\"As a starter to a meal, on toasts or bread, at pleasant times with family or friends, p\u00e2t\u00e9s are an absolute novelty in the Ramirez range and an easy to prepare, tasty and nutritionally balanced suggestion.\">Como entrada para uma refei\u00e7\u00e3o, em torradas ou p\u00e3o, em momentos agrad\u00e1veis \u200b\u200bcom a fam\u00edlia ou amigos, os pat\u00e9s s\u00e3o uma novidade absoluta na gama Ramirez e uma sugest\u00e3o f\u00e1cil de preparar, saborosa e nutricionalmente equilibrada. <\/span><span title=\"The Ramirez tuna p\u00e2t\u00e9 is rich in Omega 3, a fatty acid known for its cardiovascular protection capacity and also for its contribution to children's cognitive development.\">O pat\u00ea de atum Ramirez \u00e9 rico em \u00f4mega 3, conhecido pela sua capacidade de prote\u00e7\u00e3o cardiovascular e tamb\u00e9m pela contribui\u00e7\u00e3o para o desenvolvimento cognitivo das crian\u00e7as. <\/span><span title=\"This creamy preparation proves to be a great source of protein and a creative way to increase fish consumption. \">Esta prepara\u00e7\u00e3o cremosa prova ser uma excelente fonte de prote\u00edna e uma forma criativa de aumentar o consumo de peixe.<\/span><br \/>\n<\/span><\/p>\n","protected":false},"featured_media":26945,"comment_status":"open","ping_status":"closed","template":"","meta":{"_acf_changed":false,"_mi_skip_tracking":false},"product_cat":[543],"product_tag":[],"class_list":["post-9299","product","type-product","status-publish","has-post-thumbnail","hentry","product_cat-pates","pa_marcas-ramirez"],"acf":[],"yoast_head":"<!-- This site is optimized with the Yoast SEO Premium plugin v23.3 (Yoast SEO v23.7) - https:\/\/yoast.com\/wordpress\/plugins\/seo\/ -->\n<title>Pat\u00e9 de Atum - Ramirez Conservas | A mais antiga f\u00e1brica de conservas<\/title>\n<meta name=\"robots\" content=\"index, follow, max-snippet:-1, max-image-preview:large, max-video-preview:-1\" \/>\n<link rel=\"canonical\" href=\"https:\/\/ramirez.pt\/novo\/produto\/pate-de-atum-4\/\" \/>\n<meta property=\"og:locale\" content=\"pt_PT\" \/>\n<meta property=\"og:type\" content=\"article\" \/>\n<meta property=\"og:title\" content=\"Pat\u00e9 de Atum\" \/>\n<meta property=\"og:description\" content=\"Como entrada para uma refei\u00e7\u00e3o, em torradas ou p\u00e3o, em momentos agrad\u00e1veis \u200b\u200bcom a fam\u00edlia ou amigos, os pat\u00e9s s\u00e3o uma novidade absoluta na gama Ramirez e uma sugest\u00e3o f\u00e1cil de preparar, saborosa e nutricionalmente equilibrada. O pat\u00ea de atum Ramirez \u00e9 rico em \u00f4mega 3, conhecido pela sua capacidade de prote\u00e7\u00e3o cardiovascular e tamb\u00e9m pela contribui\u00e7\u00e3o para o desenvolvimento cognitivo das crian\u00e7as. Esta prepara\u00e7\u00e3o cremosa prova ser uma excelente fonte de prote\u00edna e uma forma criativa de aumentar o consumo de peixe.\" \/>\n<meta property=\"og:url\" content=\"https:\/\/ramirez.pt\/novo\/produto\/pate-de-atum-4\/\" \/>\n<meta property=\"og:site_name\" content=\"Ramirez Conservas | A mais antiga f\u00e1brica de conservas\" \/>\n<meta property=\"article:publisher\" content=\"https:\/\/www.facebook.com\/ramirez1853\/\" \/>\n<meta property=\"article:modified_time\" content=\"2025-10-06T14:58:19+00:00\" \/>\n<meta property=\"og:image\" content=\"https:\/\/ramirez.pt\/novo\/wp-content\/uploads\/2017\/02\/RAMIREZ-pate-atum-24.jpg\" \/>\n\t<meta property=\"og:image:width\" content=\"800\" \/>\n\t<meta property=\"og:image:height\" content=\"800\" \/>\n\t<meta property=\"og:image:type\" content=\"image\/jpeg\" \/>\n<meta name=\"twitter:card\" content=\"summary_large_image\" \/>\n<meta name=\"twitter:label1\" content=\"pre\u00e7o\" \/>\n\t<meta name=\"twitter:data1\" content=\"6,46&nbsp;&euro;\" \/>\n\t<meta name=\"twitter:label2\" content=\"Disponibilidade\" \/>\n\t<meta name=\"twitter:data2\" content=\"Em stock\" \/>\n<script type=\"application\/ld+json\" class=\"yoast-schema-graph\">{\"@context\":\"https:\/\/schema.org\",\"@graph\":[{\"@type\":\"WebPage\",\"@id\":\"https:\/\/ramirez.pt\/novo\/produto\/pate-de-atum-4\/\",\"url\":\"https:\/\/ramirez.pt\/novo\/produto\/pate-de-atum-4\/\",\"name\":\"Pat\u00e9 de Atum - Ramirez Conservas | A mais antiga f\u00e1brica de conservas\",\"isPartOf\":{\"@id\":\"https:\/\/ramirez.pt\/novo\/#website\"},\"primaryImageOfPage\":{\"@id\":\"https:\/\/ramirez.pt\/novo\/produto\/pate-de-atum-4\/#primaryimage\"},\"image\":{\"@id\":\"https:\/\/ramirez.pt\/novo\/produto\/pate-de-atum-4\/#primaryimage\"},\"thumbnailUrl\":\"https:\/\/ramirez.pt\/novo\/wp-content\/uploads\/2017\/02\/RAMIREZ-pate-atum-24.jpg\",\"datePublished\":\"2017-02-12T12:18:13+00:00\",\"dateModified\":\"2025-10-06T14:58:19+00:00\",\"breadcrumb\":{\"@id\":\"https:\/\/ramirez.pt\/novo\/produto\/pate-de-atum-4\/#breadcrumb\"},\"inLanguage\":\"pt-PT\",\"potentialAction\":[{\"@type\":\"ReadAction\",\"target\":[\"https:\/\/ramirez.pt\/novo\/produto\/pate-de-atum-4\/\"]}]},{\"@type\":\"ImageObject\",\"inLanguage\":\"pt-PT\",\"@id\":\"https:\/\/ramirez.pt\/novo\/produto\/pate-de-atum-4\/#primaryimage\",\"url\":\"https:\/\/ramirez.pt\/novo\/wp-content\/uploads\/2017\/02\/RAMIREZ-pate-atum-24.jpg\",\"contentUrl\":\"https:\/\/ramirez.pt\/novo\/wp-content\/uploads\/2017\/02\/RAMIREZ-pate-atum-24.jpg\",\"width\":800,\"height\":800},{\"@type\":\"BreadcrumbList\",\"@id\":\"https:\/\/ramirez.pt\/novo\/produto\/pate-de-atum-4\/#breadcrumb\",\"itemListElement\":[{\"@type\":\"ListItem\",\"position\":1,\"name\":\"In\u00edcio\",\"item\":\"https:\/\/ramirez.pt\/novo\/\"},{\"@type\":\"ListItem\",\"position\":2,\"name\":\"Loja Online\",\"item\":\"https:\/\/ramirez.pt\/novo\/loja-online\/\"},{\"@type\":\"ListItem\",\"position\":3,\"name\":\"Pat\u00e9 de Atum\"}]},{\"@type\":\"WebSite\",\"@id\":\"https:\/\/ramirez.pt\/novo\/#website\",\"url\":\"https:\/\/ramirez.pt\/novo\/\",\"name\":\"Ramirez Conservas | A mais antiga f\u00e1brica de conservas\",\"description\":\"A mais antiga f\u00e1brica de conservas\",\"publisher\":{\"@id\":\"https:\/\/ramirez.pt\/novo\/#organization\"},\"potentialAction\":[{\"@type\":\"SearchAction\",\"target\":{\"@type\":\"EntryPoint\",\"urlTemplate\":\"https:\/\/ramirez.pt\/novo\/?s={search_term_string}\"},\"query-input\":{\"@type\":\"PropertyValueSpecification\",\"valueRequired\":true,\"valueName\":\"search_term_string\"}}],\"inLanguage\":\"pt-PT\"},{\"@type\":\"Organization\",\"@id\":\"https:\/\/ramirez.pt\/novo\/#organization\",\"name\":\"Ramirez Conservas | A mais antiga f\u00e1brica de conservas\",\"url\":\"https:\/\/ramirez.pt\/novo\/\",\"logo\":{\"@type\":\"ImageObject\",\"inLanguage\":\"pt-PT\",\"@id\":\"https:\/\/ramirez.pt\/novo\/#\/schema\/logo\/image\/\",\"url\":\"https:\/\/ramirez.pt\/wp-content\/uploads\/2023\/06\/Logo-Ramirez-Geral-1.jpg\",\"contentUrl\":\"https:\/\/ramirez.pt\/wp-content\/uploads\/2023\/06\/Logo-Ramirez-Geral-1.jpg\",\"width\":250,\"height\":254,\"caption\":\"Ramirez Conservas | A mais antiga f\u00e1brica de conservas\"},\"image\":{\"@id\":\"https:\/\/ramirez.pt\/novo\/#\/schema\/logo\/image\/\"},\"sameAs\":[\"https:\/\/www.facebook.com\/ramirez1853\/\",\"https:\/\/www.instagram.com\/conservasramirez\/?hl=pt\",\"https:\/\/www.linkedin.com\/company\/ramirez-healthy-eating\/\"]}]}<\/script>\n<meta property=\"product:price:amount\" content=\"6.46\" \/>\n<meta property=\"product:price:currency\" content=\"EUR\" \/>\n<meta property=\"og:availability\" content=\"instock\" \/>\n<meta property=\"product:availability\" content=\"instock\" \/>\n<meta property=\"product:retailer_item_id\" content=\"P2RAL150603-5\" \/>\n<meta property=\"product:condition\" content=\"new\" \/>\n<!-- \/ Yoast SEO Premium plugin. -->","yoast_head_json":{"title":"Pat\u00e9 de Atum - Ramirez Conservas | A mais antiga f\u00e1brica de conservas","robots":{"index":"index","follow":"follow","max-snippet":"max-snippet:-1","max-image-preview":"max-image-preview:large","max-video-preview":"max-video-preview:-1"},"canonical":"https:\/\/ramirez.pt\/novo\/produto\/pate-de-atum-4\/","og_locale":"pt_PT","og_type":"article","og_title":"Pat\u00e9 de Atum","og_description":"Como entrada para uma refei\u00e7\u00e3o, em torradas ou p\u00e3o, em momentos agrad\u00e1veis \u200b\u200bcom a fam\u00edlia ou amigos, os pat\u00e9s s\u00e3o uma novidade absoluta na gama Ramirez e uma sugest\u00e3o f\u00e1cil de preparar, saborosa e nutricionalmente equilibrada. O pat\u00ea de atum Ramirez \u00e9 rico em \u00f4mega 3, conhecido pela sua capacidade de prote\u00e7\u00e3o cardiovascular e tamb\u00e9m pela contribui\u00e7\u00e3o para o desenvolvimento cognitivo das crian\u00e7as. Esta prepara\u00e7\u00e3o cremosa prova ser uma excelente fonte de prote\u00edna e uma forma criativa de aumentar o consumo de peixe.","og_url":"https:\/\/ramirez.pt\/novo\/produto\/pate-de-atum-4\/","og_site_name":"Ramirez Conservas | A mais antiga f\u00e1brica de conservas","article_publisher":"https:\/\/www.facebook.com\/ramirez1853\/","article_modified_time":"2025-10-06T14:58:19+00:00","og_image":[{"width":800,"height":800,"url":"https:\/\/ramirez.pt\/novo\/wp-content\/uploads\/2017\/02\/RAMIREZ-pate-atum-24.jpg","type":"image\/jpeg"}],"twitter_card":"summary_large_image","twitter_misc":{"pre\u00e7o":"6,46&nbsp;&euro;","Disponibilidade":"Em stock"},"schema":{"@context":"https:\/\/schema.org","@graph":[{"@type":"WebPage","@id":"https:\/\/ramirez.pt\/novo\/produto\/pate-de-atum-4\/","url":"https:\/\/ramirez.pt\/novo\/produto\/pate-de-atum-4\/","name":"Pat\u00e9 de Atum - Ramirez Conservas | A mais antiga f\u00e1brica de conservas","isPartOf":{"@id":"https:\/\/ramirez.pt\/novo\/#website"},"primaryImageOfPage":{"@id":"https:\/\/ramirez.pt\/novo\/produto\/pate-de-atum-4\/#primaryimage"},"image":{"@id":"https:\/\/ramirez.pt\/novo\/produto\/pate-de-atum-4\/#primaryimage"},"thumbnailUrl":"https:\/\/ramirez.pt\/novo\/wp-content\/uploads\/2017\/02\/RAMIREZ-pate-atum-24.jpg","datePublished":"2017-02-12T12:18:13+00:00","dateModified":"2025-10-06T14:58:19+00:00","breadcrumb":{"@id":"https:\/\/ramirez.pt\/novo\/produto\/pate-de-atum-4\/#breadcrumb"},"inLanguage":"pt-PT","potentialAction":[{"@type":"ReadAction","target":["https:\/\/ramirez.pt\/novo\/produto\/pate-de-atum-4\/"]}]},{"@type":"ImageObject","inLanguage":"pt-PT","@id":"https:\/\/ramirez.pt\/novo\/produto\/pate-de-atum-4\/#primaryimage","url":"https:\/\/ramirez.pt\/novo\/wp-content\/uploads\/2017\/02\/RAMIREZ-pate-atum-24.jpg","contentUrl":"https:\/\/ramirez.pt\/novo\/wp-content\/uploads\/2017\/02\/RAMIREZ-pate-atum-24.jpg","width":800,"height":800},{"@type":"BreadcrumbList","@id":"https:\/\/ramirez.pt\/novo\/produto\/pate-de-atum-4\/#breadcrumb","itemListElement":[{"@type":"ListItem","position":1,"name":"In\u00edcio","item":"https:\/\/ramirez.pt\/novo\/"},{"@type":"ListItem","position":2,"name":"Loja Online","item":"https:\/\/ramirez.pt\/novo\/loja-online\/"},{"@type":"ListItem","position":3,"name":"Pat\u00e9 de Atum"}]},{"@type":"WebSite","@id":"https:\/\/ramirez.pt\/novo\/#website","url":"https:\/\/ramirez.pt\/novo\/","name":"Ramirez Conservas | A mais antiga f\u00e1brica de conservas","description":"A mais antiga f\u00e1brica de conservas","publisher":{"@id":"https:\/\/ramirez.pt\/novo\/#organization"},"potentialAction":[{"@type":"SearchAction","target":{"@type":"EntryPoint","urlTemplate":"https:\/\/ramirez.pt\/novo\/?s={search_term_string}"},"query-input":{"@type":"PropertyValueSpecification","valueRequired":true,"valueName":"search_term_string"}}],"inLanguage":"pt-PT"},{"@type":"Organization","@id":"https:\/\/ramirez.pt\/novo\/#organization","name":"Ramirez Conservas | A mais antiga f\u00e1brica de conservas","url":"https:\/\/ramirez.pt\/novo\/","logo":{"@type":"ImageObject","inLanguage":"pt-PT","@id":"https:\/\/ramirez.pt\/novo\/#\/schema\/logo\/image\/","url":"https:\/\/ramirez.pt\/wp-content\/uploads\/2023\/06\/Logo-Ramirez-Geral-1.jpg","contentUrl":"https:\/\/ramirez.pt\/wp-content\/uploads\/2023\/06\/Logo-Ramirez-Geral-1.jpg","width":250,"height":254,"caption":"Ramirez Conservas | A mais antiga f\u00e1brica de conservas"},"image":{"@id":"https:\/\/ramirez.pt\/novo\/#\/schema\/logo\/image\/"},"sameAs":["https:\/\/www.facebook.com\/ramirez1853\/","https:\/\/www.instagram.com\/conservasramirez\/?hl=pt","https:\/\/www.linkedin.com\/company\/ramirez-healthy-eating\/"]}]},"product_price_amount":"6.46","product_price_currency":"EUR","og_availability":"instock","product_availability":"instock","product_retailer_item_id":"P2RAL150603-5","product_condition":"new"},"_links":{"self":[{"href":"https:\/\/ramirez.pt\/novo\/wp-json\/wp\/v2\/product\/9299","targetHints":{"allow":["GET"]}}],"collection":[{"href":"https:\/\/ramirez.pt\/novo\/wp-json\/wp\/v2\/product"}],"about":[{"href":"https:\/\/ramirez.pt\/novo\/wp-json\/wp\/v2\/types\/product"}],"replies":[{"embeddable":true,"href":"https:\/\/ramirez.pt\/novo\/wp-json\/wp\/v2\/comments?post=9299"}],"wp:featuredmedia":[{"embeddable":true,"href":"https:\/\/ramirez.pt\/novo\/wp-json\/wp\/v2\/media\/26945"}],"wp:attachment":[{"href":"https:\/\/ramirez.pt\/novo\/wp-json\/wp\/v2\/media?parent=9299"}],"wp:term":[{"taxonomy":"product_cat","embeddable":true,"href":"https:\/\/ramirez.pt\/novo\/wp-json\/wp\/v2\/product_cat?post=9299"},{"taxonomy":"product_tag","embeddable":true,"href":"https:\/\/ramirez.pt\/novo\/wp-json\/wp\/v2\/product_tag?post=9299"}],"curies":[{"name":"wp","href":"https:\/\/api.w.org\/{rel}","templated":true}]}}