{"id":7389,"date":"2023-01-28T11:07:22","date_gmt":"2023-01-28T11:07:22","guid":{"rendered":"http:\/\/ramirez.google-direct.com\/?page_id=7389"},"modified":"2023-03-14T12:35:23","modified_gmt":"2023-03-14T12:35:23","slug":"saude-cenutra","status":"publish","type":"page","link":"https:\/\/ramirez.pt\/novo\/saude-cenutra\/","title":{"rendered":"Sa\u00fade Cenutra"},"content":{"rendered":"<section class=\"wpb-content-wrapper\"><p>[vc_row wrap_container=&#8221;yes&#8221; css=&#8221;.vc_custom_1675100181354{padding-top: 10px !important;padding-bottom: 30px !important;}&#8221; conditional_render=&#8221;%5B%7B%22value_role%22%3A%22administrator%22%7D%5D&#8221;][vc_column][vc_custom_heading text=&#8221;Miss\u00e3o&#8221; font_container=&#8221;tag:h2|text_align:center&#8221; use_theme_fonts=&#8221;yes&#8221; font_weight=&#8221;600&#8243; css=&#8221;.vc_custom_1678797278054{margin-bottom: 0px !important;padding-bottom: 0px !important;}&#8221; animation_type=&#8221;fadeInUp&#8221;][vc_custom_heading text=&#8221;Promover a alimenta\u00e7\u00e3o saud\u00e1vel&#8221; font_container=&#8221;tag:h3|font_size:16|text_align:center&#8221; use_theme_fonts=&#8221;yes&#8221; text_transform=&#8221;text-uppercase&#8221; font_weight=&#8221;200&#8243; skin=&#8221;secondary&#8221; letter_spacing=&#8221;2px&#8221;][vc_column_text]<\/p>\n<p style=\"text-align: center;\">Atrav\u00e9s do <strong>Centro de Nutri\u00e7\u00e3o Ramirez (CENUTRA) asseguramos a promo\u00e7\u00e3o de pr\u00e1ticas alimentares saud\u00e1veis<\/strong> e um compromisso permanente com os cuidados nutricionais e o desenvolvimento de conservas adequadas ao gosto do consumidor de cada mercado.<\/p>\n<p style=\"text-align: center;\">Procuramos ter permanentemente uma vis\u00e3o prospetiva sobre as tend\u00eancias do mercado. A individualiza\u00e7\u00e3o dos h\u00e1bitos alimentares, de rapidez de prepara\u00e7\u00e3o e portabilidade inerente \u00e0 conveni\u00eancia do produto motivaram, por exemplo, o lan\u00e7amento de refei\u00e7\u00f5es prontas em lata.<\/p>\n<p>[\/vc_column_text][\/vc_column][\/vc_row][vc_row full_width=&#8221;stretch_row&#8221; content_placement=&#8221;middle&#8221; wrap_container=&#8221;yes&#8221; css=&#8221;.vc_custom_1678796249783{margin-bottom: 0px !important;padding-top: 60px !important;padding-bottom: 20px !important;background-color: #f4f4f4 !important;}&#8221; conditional_render=&#8221;%5B%7B%22value_role%22%3A%22administrator%22%7D%5D&#8221; el_id=&#8221;saude&#8221; el_class=&#8221;alinhar_centro margin_mobile&#8221;][vc_column conditional_render=&#8221;%5B%7B%22value_role%22%3A%22administrator%22%7D%5D&#8221; offset=&#8221;vc_col-md-6&#8243;][vc_single_image image=&#8221;8568&#8243; img_size=&#8221;full&#8221; alignment=&#8221;center&#8221; floating_start_pos=&#8221;none&#8221; floating_transition=&#8221;&#8221;][\/vc_column][vc_column offset=&#8221;vc_col-md-6&#8243; conditional_render=&#8221;%5B%7B%22value_role%22%3A%22administrator%22%7D%5D&#8221;][vc_custom_heading text=&#8221;Sa\u00fade e Nutri\u00e7\u00e3o&#8221; use_theme_fonts=&#8221;yes&#8221; font_weight=&#8221;600&#8243; css=&#8221;.vc_custom_1678797289514{margin-bottom: 0px !important;padding-bottom: 0px !important;}&#8221; animation_type=&#8221;fadeInRight&#8221;][vc_custom_heading text=&#8221;Amigos do cora\u00e7\u00e3o&#8221; font_container=&#8221;tag:h3|font_size:16|text_align:left&#8221; use_theme_fonts=&#8221;yes&#8221; text_transform=&#8221;text-uppercase&#8221; font_weight=&#8221;200&#8243; skin=&#8221;secondary&#8221; letter_spacing=&#8221;2px&#8221;][vc_column_text]<strong>As nossas conservas de peixe combinam prepara\u00e7\u00e3o r\u00e1pida e por\u00e7\u00f5es adequadas com a qualidade dos alimentos e uma boa dose de sa\u00fade.<\/strong> <strong>Altos n\u00edveis de Omega-3 Marinho e c\u00e1lcio est\u00e3o presentes no atum e nas sardinhas<\/strong> que escolhemos para a nossa ampla gama de sugest\u00f5es, inspirada na dieta mediterr\u00e2nea e criada com a colabora\u00e7\u00e3o de nutricionistas. Estudos indicam que uma dieta rica em sardinhas, frescas ou em conserva, \u00e9 amiga do cora\u00e7\u00e3o e capaz de reduzir em 30% o risco de enfarte.[\/vc_column_text][\/vc_column][\/vc_row][vc_row full_width=&#8221;stretch_row&#8221; content_placement=&#8221;middle&#8221; wrap_container=&#8221;yes&#8221; conditional_render=&#8221;%5B%7B%22value_role%22%3A%22administrator%22%7D%5D&#8221; css=&#8221;.vc_custom_1678796254909{padding-top: 60px !important;}&#8221; el_id=&#8221;dieta&#8221; el_class=&#8221;alinhar_centro margin_mobile&#8221;][vc_column offset=&#8221;vc_col-md-6&#8243; conditional_render=&#8221;%5B%7B%22value_role%22%3A%22administrator%22%7D%5D&#8221;][vc_custom_heading text=&#8221;Dieta Mediterr\u00e2nica&#8221; use_theme_fonts=&#8221;yes&#8221; font_weight=&#8221;600&#8243; css=&#8221;.vc_custom_1678797299811{margin-bottom: 0px !important;padding-bottom: 0px !important;}&#8221; animation_type=&#8221;fadeInLeft&#8221;][vc_custom_heading text=&#8221;Alimenta\u00e7\u00e3o correta conjugada com exerc\u00edcio&#8221; font_container=&#8221;tag:h3|font_size:16|text_align:left&#8221; use_theme_fonts=&#8221;yes&#8221; text_transform=&#8221;text-uppercase&#8221; font_weight=&#8221;200&#8243; skin=&#8221;secondary&#8221; letter_spacing=&#8221;2px&#8221;][vc_column_text]<strong>A dieta mediterr\u00e2nea<\/strong>, da qual o peixe e o azeite usados nas nossas conservas s\u00e3o elementos fundamentais, <strong>\u00e9 hoje considerada por m\u00e9dicos e nutricionistas como um dos melhores meios para preservar a sa\u00fade e aumentar a esperan\u00e7a de vida<\/strong>, proporcionando um equil\u00edbrio alimentar e apresentando in\u00fameros benef\u00edcios ao n\u00edvel da sa\u00fade cardiovascular e da preven\u00e7\u00e3o da obesidade e de diversos tipos de cancro.[\/vc_column_text][\/vc_column][vc_column offset=&#8221;vc_col-md-6&#8243; conditional_render=&#8221;%5B%7B%22value_role%22%3A%22administrator%22%7D%5D&#8221;][vc_single_image image=&#8221;8569&#8243; img_size=&#8221;full&#8221; alignment=&#8221;center&#8221; floating_start_pos=&#8221;none&#8221; floating_transition=&#8221;&#8221;][\/vc_column][\/vc_row][vc_row full_width=&#8221;stretch_row&#8221; content_placement=&#8221;middle&#8221; wrap_container=&#8221;yes&#8221; conditional_render=&#8221;%5B%7B%22value_role%22%3A%22administrator%22%7D%5D&#8221; css=&#8221;.vc_custom_1678796307113{padding-top: 20px !important;padding-bottom: 30px !important;}&#8221; el_class=&#8221;alinhar_centro margin_mobile&#8221;][vc_column offset=&#8221;vc_col-md-6&#8243; conditional_render=&#8221;%5B%7B%22value_role%22%3A%22administrator%22%7D%5D&#8221;][vc_single_image image=&#8221;8576&#8243; img_size=&#8221;full&#8221; alignment=&#8221;center&#8221; floating_start_pos=&#8221;none&#8221; floating_transition=&#8221;&#8221;][\/vc_column][vc_column offset=&#8221;vc_col-md-6&#8243; conditional_render=&#8221;%5B%7B%22value_role%22%3A%22administrator%22%7D%5D&#8221;][vc_custom_heading text=&#8221;Porqu\u00ea?&#8221; font_container=&#8221;tag:h3|font_size:16|text_align:left&#8221; use_theme_fonts=&#8221;yes&#8221; text_transform=&#8221;text-uppercase&#8221; font_weight=&#8221;200&#8243; skin=&#8221;secondary&#8221; letter_spacing=&#8221;2px&#8221;][vc_column_text]<strong>Porque permite mais facilmente alcan\u00e7ar o denominado \u201cpeso saud\u00e1vel\u201d (o considerado \u00f3timo para a idade, sexo e estrutura corporal), objetivo que deve tamb\u00e9m ser conseguido atrav\u00e9s da pr\u00e1tica de atividade f\u00edsica sistem\u00e1tica.<\/strong> Um programa de exerc\u00edcios f\u00edsicos auxilia na perda de gordura e na recupera\u00e7\u00e3o e\/ou ganho de massa muscular. Quanto maior for a quantidade de m\u00fasculo que possu\u00edmos e menos tecido gordo deslocarmos, menor ser\u00e1 o trabalho que realizar\u00e1 o nosso cora\u00e7\u00e3o.<\/p>\n<p>Este \u00e9 o princ\u00edpio de economia de trabalho do organismo que potencia a sua qualidade de vida.[\/vc_column_text][\/vc_column][\/vc_row][vc_row full_width=&#8221;stretch_row&#8221; content_placement=&#8221;middle&#8221; wrap_container=&#8221;yes&#8221; css=&#8221;.vc_custom_1678796260118{margin-bottom: 0px !important;padding-top: 60px !important;padding-bottom: 0px !important;background-color: #f4f4f4 !important;}&#8221; conditional_render=&#8221;%5B%7B%22value_role%22%3A%22administrator%22%7D%5D&#8221; el_id=&#8221;parcerias&#8221; el_class=&#8221;alinhar_centro margin_mobile&#8221;][vc_column offset=&#8221;vc_col-md-6&#8243; conditional_render=&#8221;%5B%7B%22value_role%22%3A%22administrator%22%7D%5D&#8221;][vc_custom_heading text=&#8221;Parcerias&#8221; use_theme_fonts=&#8221;yes&#8221; font_weight=&#8221;600&#8243; css=&#8221;.vc_custom_1678797314091{margin-bottom: 0px !important;padding-bottom: 0px !important;}&#8221; animation_type=&#8221;fadeInLeft&#8221;][vc_custom_heading text=&#8221;Sinergias a favor da sa\u00fade&#8221; font_container=&#8221;tag:h3|font_size:16|text_align:left&#8221; use_theme_fonts=&#8221;yes&#8221; text_transform=&#8221;text-uppercase&#8221; font_weight=&#8221;200&#8243; skin=&#8221;secondary&#8221; letter_spacing=&#8221;2px&#8221;][vc_column_text]Todos sabemos como a alimenta\u00e7\u00e3o \u00e9 importante para o desenvolvimento f\u00edsico e intelectual, para uma sa\u00fade de ferro, para o bem-estar em geral. E n\u00e3o falta informa\u00e7\u00e3o! Da escola \u00e0 televis\u00e3o, dos jornais \u00e0s revistas, cada um d\u00e1 os seus palpites \u2013 que isto engorda, que aquilo emagrece, que faz mal a isto ou faz mal aquilo.<\/p>\n<p>No meio de toda esta confus\u00e3o, onde abundam conceitos bons, maus e assim, perdem-se boas inten\u00e7\u00f5es de fazer uma alimenta\u00e7\u00e3o saud\u00e1vel\u2026<strong> Com o objetivo de promover uma alimenta\u00e7\u00e3o equilibrada, temos vindo a desenvolver parcerias com p\u00f3los universit\u00e1rios e cient\u00edficos na \u00e1rea da nutri\u00e7\u00e3o, com profissionais de educa\u00e7\u00e3o f\u00edsica, bem como com Chefs, que possam contribuir para esse objetivo comum.<\/strong>[\/vc_column_text][\/vc_column][vc_column conditional_render=&#8221;%5B%7B%22value_role%22%3A%22administrator%22%7D%5D&#8221; offset=&#8221;vc_col-md-6&#8243;][vc_single_image image=&#8221;8583&#8243; img_size=&#8221;full&#8221; alignment=&#8221;center&#8221; floating_start_pos=&#8221;none&#8221; floating_transition=&#8221;&#8221;][\/vc_column][\/vc_row][vc_row full_width=&#8221;stretch_row&#8221; content_placement=&#8221;middle&#8221; wrap_container=&#8221;yes&#8221; css=&#8221;.vc_custom_1678796265798{margin-bottom: 0px !important;padding-top: 170px !important;padding-bottom: 50px !important;background-image: url(http:\/\/ramirez.pt\/wp-content\/uploads\/2023\/01\/fundo4.jpg?id=7403) !important;background-position: center !important;background-repeat: no-repeat !important;background-size: cover !important;}&#8221; conditional_render=&#8221;%5B%7B%22value_role%22%3A%22administrator%22%7D%5D&#8221; el_class=&#8221;alinhar_centro margin_mobile&#8221;][vc_column offset=&#8221;vc_col-md-6&#8243; conditional_render=&#8221;%5B%7B%22value_role%22%3A%22administrator%22%7D%5D&#8221;][vc_custom_heading text=&#8221;Projeto Tuna Functional&#8221; font_container=&#8221;tag:h2|text_align:left|color:%23ffffff&#8221; use_theme_fonts=&#8221;yes&#8221; font_weight=&#8221;600&#8243; css=&#8221;.vc_custom_1675176936675{margin-bottom: 0px !important;padding-bottom: 0px !important;}&#8221;][vc_custom_heading text=&#8221;O projeto FUNCTIONAL TUNA tem a miss\u00e3o de desenvolver uma conserva de atum funcional, capaz de contribuir, a diversos n\u00edveis, para a melhoria da sa\u00fade dos seus consumidores.&#8221; font_container=&#8221;tag:h3|font_size:16|text_align:left|color:%23ffffff&#8221; use_theme_fonts=&#8221;yes&#8221; text_transform=&#8221;text-uppercase&#8221; font_weight=&#8221;200&#8243; letter_spacing=&#8221;2px&#8221;][vc_btn title=&#8221;SABER MAIS&#8221; style=&#8221;modern&#8221; align=&#8221;left&#8221; skin=&#8221;secondary&#8221; link=&#8221;url:https%3A%2F%2Ftunafunctional.pt%2F|target:_blank&#8221; el_class=&#8221;especial&#8221;][\/vc_column][vc_column conditional_render=&#8221;%5B%7B%22value_role%22%3A%22administrator%22%7D%5D&#8221; offset=&#8221;vc_col-md-6&#8243;][vc_single_image image=&#8221;8563&#8243; img_size=&#8221;full&#8221; alignment=&#8221;center&#8221; floating_start_pos=&#8221;none&#8221; floating_transition=&#8221;&#8221;][\/vc_column][\/vc_row]<\/p>\n<\/section>","protected":false},"excerpt":{"rendered":"<p>[vc_row wrap_container=&#8221;yes&#8221; css=&#8221;.vc_custom_1675100181354{padding-top: 10px !important;padding-bottom: 30px !important;}&#8221; conditional_render=&#8221;%5B%7B%22value_role%22%3A%22administrator%22%7D%5D&#8221;][vc_column][vc_custom_heading text=&#8221;Miss\u00e3o&#8221; font_container=&#8221;tag:h2|text_align:center&#8221; use_theme_fonts=&#8221;yes&#8221; font_weight=&#8221;600&#8243; css=&#8221;.vc_custom_1678797278054{margin-bottom: 0px !important;padding-bottom: 0px !important;}&#8221; animation_type=&#8221;fadeInUp&#8221;][vc_custom_heading text=&#8221;Promover a alimenta\u00e7\u00e3o saud\u00e1vel&#8221; font_container=&#8221;tag:h3|font_size:16|text_align:center&#8221; use_theme_fonts=&#8221;yes&#8221; text_transform=&#8221;text-uppercase&#8221; font_weight=&#8221;200&#8243; skin=&#8221;secondary&#8221; letter_spacing=&#8221;2px&#8221;][vc_column_text] Atrav\u00e9s do Centro de Nutri\u00e7\u00e3o Ramirez (CENUTRA) asseguramos a promo\u00e7\u00e3o de pr\u00e1ticas alimentares saud\u00e1veis e um compromisso permanente com os cuidados nutricionais e o desenvolvimento de conservas [&hellip;]<\/p>\n","protected":false},"author":2,"featured_media":0,"parent":0,"menu_order":0,"comment_status":"closed","ping_status":"closed","template":"","meta":{"_acf_changed":false,"_mi_skip_tracking":false,"footnotes":""},"class_list":["post-7389","page","type-page","status-publish","hentry"],"acf":[],"yoast_head":"<!-- This site is optimized with the Yoast SEO Premium plugin v23.3 (Yoast SEO v23.7) - https:\/\/yoast.com\/wordpress\/plugins\/seo\/ -->\n<title>Sa\u00fade Cenutra - Ramirez Conservas | A mais antiga f\u00e1brica de conservas<\/title>\n<meta name=\"robots\" content=\"index, follow, max-snippet:-1, max-image-preview:large, max-video-preview:-1\" \/>\n<link rel=\"canonical\" href=\"https:\/\/ramirez.pt\/novo\/saude-cenutra\/\" \/>\n<meta property=\"og:locale\" content=\"pt_PT\" \/>\n<meta property=\"og:type\" content=\"article\" \/>\n<meta property=\"og:title\" content=\"Sa\u00fade Cenutra\" \/>\n<meta property=\"og:description\" content=\"[vc_row wrap_container=&#8221;yes&#8221; css=&#8221;.vc_custom_1675100181354{padding-top: 10px !important;padding-bottom: 30px !important;}&#8221; conditional_render=&#8221;%5B%7B%22value_role%22%3A%22administrator%22%7D%5D&#8221;][vc_column][vc_custom_heading text=&#8221;Miss\u00e3o&#8221; font_container=&#8221;tag:h2|text_align:center&#8221; use_theme_fonts=&#8221;yes&#8221; font_weight=&#8221;600&#8243; css=&#8221;.vc_custom_1678797278054{margin-bottom: 0px !important;padding-bottom: 0px !important;}&#8221; animation_type=&#8221;fadeInUp&#8221;][vc_custom_heading text=&#8221;Promover a alimenta\u00e7\u00e3o saud\u00e1vel&#8221; font_container=&#8221;tag:h3|font_size:16|text_align:center&#8221; use_theme_fonts=&#8221;yes&#8221; text_transform=&#8221;text-uppercase&#8221; font_weight=&#8221;200&#8243; skin=&#8221;secondary&#8221; letter_spacing=&#8221;2px&#8221;][vc_column_text] Atrav\u00e9s do Centro de Nutri\u00e7\u00e3o Ramirez (CENUTRA) asseguramos a promo\u00e7\u00e3o de pr\u00e1ticas alimentares saud\u00e1veis e um compromisso permanente com os cuidados nutricionais e o desenvolvimento de conservas [&hellip;]\" \/>\n<meta property=\"og:url\" content=\"https:\/\/ramirez.pt\/novo\/saude-cenutra\/\" \/>\n<meta property=\"og:site_name\" content=\"Ramirez Conservas | A mais antiga f\u00e1brica de conservas\" \/>\n<meta property=\"article:publisher\" content=\"https:\/\/www.facebook.com\/ramirez1853\/\" \/>\n<meta property=\"article:modified_time\" content=\"2023-03-14T12:35:23+00:00\" \/>\n<meta name=\"twitter:card\" content=\"summary_large_image\" \/>\n<meta name=\"twitter:label1\" content=\"Tempo estimado de leitura\" \/>\n\t<meta name=\"twitter:data1\" content=\"7 minutos\" \/>\n<script type=\"application\/ld+json\" class=\"yoast-schema-graph\">{\"@context\":\"https:\/\/schema.org\",\"@graph\":[{\"@type\":\"WebPage\",\"@id\":\"https:\/\/ramirez.pt\/novo\/saude-cenutra\/\",\"url\":\"https:\/\/ramirez.pt\/novo\/saude-cenutra\/\",\"name\":\"Sa\u00fade Cenutra - Ramirez Conservas | A mais antiga f\u00e1brica de conservas\",\"isPartOf\":{\"@id\":\"https:\/\/ramirez.pt\/novo\/#website\"},\"datePublished\":\"2023-01-28T11:07:22+00:00\",\"dateModified\":\"2023-03-14T12:35:23+00:00\",\"breadcrumb\":{\"@id\":\"https:\/\/ramirez.pt\/novo\/saude-cenutra\/#breadcrumb\"},\"inLanguage\":\"pt-PT\",\"potentialAction\":[{\"@type\":\"ReadAction\",\"target\":[\"https:\/\/ramirez.pt\/novo\/saude-cenutra\/\"]}]},{\"@type\":\"BreadcrumbList\",\"@id\":\"https:\/\/ramirez.pt\/novo\/saude-cenutra\/#breadcrumb\",\"itemListElement\":[{\"@type\":\"ListItem\",\"position\":1,\"name\":\"In\u00edcio\",\"item\":\"https:\/\/ramirez.pt\/novo\/\"},{\"@type\":\"ListItem\",\"position\":2,\"name\":\"Sa\u00fade Cenutra\"}]},{\"@type\":\"WebSite\",\"@id\":\"https:\/\/ramirez.pt\/novo\/#website\",\"url\":\"https:\/\/ramirez.pt\/novo\/\",\"name\":\"Ramirez Conservas | A mais antiga f\u00e1brica de conservas\",\"description\":\"A mais antiga f\u00e1brica de conservas\",\"publisher\":{\"@id\":\"https:\/\/ramirez.pt\/novo\/#organization\"},\"potentialAction\":[{\"@type\":\"SearchAction\",\"target\":{\"@type\":\"EntryPoint\",\"urlTemplate\":\"https:\/\/ramirez.pt\/novo\/?s={search_term_string}\"},\"query-input\":{\"@type\":\"PropertyValueSpecification\",\"valueRequired\":true,\"valueName\":\"search_term_string\"}}],\"inLanguage\":\"pt-PT\"},{\"@type\":\"Organization\",\"@id\":\"https:\/\/ramirez.pt\/novo\/#organization\",\"name\":\"Ramirez Conservas | A mais antiga f\u00e1brica de conservas\",\"url\":\"https:\/\/ramirez.pt\/novo\/\",\"logo\":{\"@type\":\"ImageObject\",\"inLanguage\":\"pt-PT\",\"@id\":\"https:\/\/ramirez.pt\/novo\/#\/schema\/logo\/image\/\",\"url\":\"https:\/\/ramirez.pt\/wp-content\/uploads\/2023\/06\/Logo-Ramirez-Geral-1.jpg\",\"contentUrl\":\"https:\/\/ramirez.pt\/wp-content\/uploads\/2023\/06\/Logo-Ramirez-Geral-1.jpg\",\"width\":250,\"height\":254,\"caption\":\"Ramirez Conservas | A mais antiga f\u00e1brica de conservas\"},\"image\":{\"@id\":\"https:\/\/ramirez.pt\/novo\/#\/schema\/logo\/image\/\"},\"sameAs\":[\"https:\/\/www.facebook.com\/ramirez1853\/\",\"https:\/\/www.instagram.com\/conservasramirez\/?hl=pt\",\"https:\/\/www.linkedin.com\/company\/ramirez-healthy-eating\/\"]}]}<\/script>\n<!-- \/ Yoast SEO Premium plugin. -->","yoast_head_json":{"title":"Sa\u00fade Cenutra - Ramirez Conservas | A mais antiga f\u00e1brica de conservas","robots":{"index":"index","follow":"follow","max-snippet":"max-snippet:-1","max-image-preview":"max-image-preview:large","max-video-preview":"max-video-preview:-1"},"canonical":"https:\/\/ramirez.pt\/novo\/saude-cenutra\/","og_locale":"pt_PT","og_type":"article","og_title":"Sa\u00fade Cenutra","og_description":"[vc_row wrap_container=&#8221;yes&#8221; css=&#8221;.vc_custom_1675100181354{padding-top: 10px !important;padding-bottom: 30px !important;}&#8221; conditional_render=&#8221;%5B%7B%22value_role%22%3A%22administrator%22%7D%5D&#8221;][vc_column][vc_custom_heading text=&#8221;Miss\u00e3o&#8221; font_container=&#8221;tag:h2|text_align:center&#8221; use_theme_fonts=&#8221;yes&#8221; font_weight=&#8221;600&#8243; css=&#8221;.vc_custom_1678797278054{margin-bottom: 0px !important;padding-bottom: 0px !important;}&#8221; animation_type=&#8221;fadeInUp&#8221;][vc_custom_heading text=&#8221;Promover a alimenta\u00e7\u00e3o saud\u00e1vel&#8221; font_container=&#8221;tag:h3|font_size:16|text_align:center&#8221; use_theme_fonts=&#8221;yes&#8221; text_transform=&#8221;text-uppercase&#8221; font_weight=&#8221;200&#8243; skin=&#8221;secondary&#8221; letter_spacing=&#8221;2px&#8221;][vc_column_text] Atrav\u00e9s do Centro de Nutri\u00e7\u00e3o Ramirez (CENUTRA) asseguramos a promo\u00e7\u00e3o de pr\u00e1ticas alimentares saud\u00e1veis e um compromisso permanente com os cuidados nutricionais e o desenvolvimento de conservas [&hellip;]","og_url":"https:\/\/ramirez.pt\/novo\/saude-cenutra\/","og_site_name":"Ramirez Conservas | A mais antiga f\u00e1brica de conservas","article_publisher":"https:\/\/www.facebook.com\/ramirez1853\/","article_modified_time":"2023-03-14T12:35:23+00:00","twitter_card":"summary_large_image","twitter_misc":{"Tempo estimado de leitura":"7 minutos"},"schema":{"@context":"https:\/\/schema.org","@graph":[{"@type":"WebPage","@id":"https:\/\/ramirez.pt\/novo\/saude-cenutra\/","url":"https:\/\/ramirez.pt\/novo\/saude-cenutra\/","name":"Sa\u00fade Cenutra - Ramirez Conservas | A mais antiga f\u00e1brica de conservas","isPartOf":{"@id":"https:\/\/ramirez.pt\/novo\/#website"},"datePublished":"2023-01-28T11:07:22+00:00","dateModified":"2023-03-14T12:35:23+00:00","breadcrumb":{"@id":"https:\/\/ramirez.pt\/novo\/saude-cenutra\/#breadcrumb"},"inLanguage":"pt-PT","potentialAction":[{"@type":"ReadAction","target":["https:\/\/ramirez.pt\/novo\/saude-cenutra\/"]}]},{"@type":"BreadcrumbList","@id":"https:\/\/ramirez.pt\/novo\/saude-cenutra\/#breadcrumb","itemListElement":[{"@type":"ListItem","position":1,"name":"In\u00edcio","item":"https:\/\/ramirez.pt\/novo\/"},{"@type":"ListItem","position":2,"name":"Sa\u00fade Cenutra"}]},{"@type":"WebSite","@id":"https:\/\/ramirez.pt\/novo\/#website","url":"https:\/\/ramirez.pt\/novo\/","name":"Ramirez Conservas | A mais antiga f\u00e1brica de conservas","description":"A mais antiga f\u00e1brica de conservas","publisher":{"@id":"https:\/\/ramirez.pt\/novo\/#organization"},"potentialAction":[{"@type":"SearchAction","target":{"@type":"EntryPoint","urlTemplate":"https:\/\/ramirez.pt\/novo\/?s={search_term_string}"},"query-input":{"@type":"PropertyValueSpecification","valueRequired":true,"valueName":"search_term_string"}}],"inLanguage":"pt-PT"},{"@type":"Organization","@id":"https:\/\/ramirez.pt\/novo\/#organization","name":"Ramirez Conservas | A mais antiga f\u00e1brica de conservas","url":"https:\/\/ramirez.pt\/novo\/","logo":{"@type":"ImageObject","inLanguage":"pt-PT","@id":"https:\/\/ramirez.pt\/novo\/#\/schema\/logo\/image\/","url":"https:\/\/ramirez.pt\/wp-content\/uploads\/2023\/06\/Logo-Ramirez-Geral-1.jpg","contentUrl":"https:\/\/ramirez.pt\/wp-content\/uploads\/2023\/06\/Logo-Ramirez-Geral-1.jpg","width":250,"height":254,"caption":"Ramirez Conservas | A mais antiga f\u00e1brica de conservas"},"image":{"@id":"https:\/\/ramirez.pt\/novo\/#\/schema\/logo\/image\/"},"sameAs":["https:\/\/www.facebook.com\/ramirez1853\/","https:\/\/www.instagram.com\/conservasramirez\/?hl=pt","https:\/\/www.linkedin.com\/company\/ramirez-healthy-eating\/"]}]}},"_links":{"self":[{"href":"https:\/\/ramirez.pt\/novo\/wp-json\/wp\/v2\/pages\/7389","targetHints":{"allow":["GET"]}}],"collection":[{"href":"https:\/\/ramirez.pt\/novo\/wp-json\/wp\/v2\/pages"}],"about":[{"href":"https:\/\/ramirez.pt\/novo\/wp-json\/wp\/v2\/types\/page"}],"author":[{"embeddable":true,"href":"https:\/\/ramirez.pt\/novo\/wp-json\/wp\/v2\/users\/2"}],"replies":[{"embeddable":true,"href":"https:\/\/ramirez.pt\/novo\/wp-json\/wp\/v2\/comments?post=7389"}],"version-history":[{"count":40,"href":"https:\/\/ramirez.pt\/novo\/wp-json\/wp\/v2\/pages\/7389\/revisions"}],"predecessor-version":[{"id":15521,"href":"https:\/\/ramirez.pt\/novo\/wp-json\/wp\/v2\/pages\/7389\/revisions\/15521"}],"wp:attachment":[{"href":"https:\/\/ramirez.pt\/novo\/wp-json\/wp\/v2\/media?parent=7389"}],"curies":[{"name":"wp","href":"https:\/\/api.w.org\/{rel}","templated":true}]}}